y) = -y**3 + 10*y**2 - 2*y + 4. Let h = 0 + -1. Let c(m) = h*i(m) - 2*x(m). Calculate c(8).
-4
Let q = 57 - 57. Let n(t) = -3*t**3 - t**2 - 3*t - 4*t**3 + q + 4*t + 1. Calculate n(-1).
6
Let f = 53 - 79. Let r = f + 8. Let a = r + 18. Let i(n) = n - 14. Calculate i(a).
-14
Let t be 1 + 7 + -11 + 0/1. Let k(v) be the third derivative of v**5/60 - v**3/2 + 13*v**2. What is k(t)?
6
Suppose -16*y + 19*y - 6 = 0. Let p(v) = -v + y*v + 0*v - 32 + 37. What is p(-6)?
-1
Let v(s) be the second derivative of s**5/120 - 7*s**4/24 + 17*s**3/6 + 6*s. Let l(d) be the second derivative of v(d). Suppose -4*f + 13 = -11. Determine l(f).
-1
Let c(p) = -7 - 6 + 22 - 3*p - 2 + 3. Determine c(9).
-17
Let f(x) = -x**2 + 7*x - 2. Let k = -11 - -2. Let j be 3*(24/k + 1). Let l be (14/4)/(j/(-10)). Calculate f(l).
-2
Let h(s) be the second derivative of s**7/2520 + s**6/360 + s**5/40 + s**4/4 - 5*s. Let n(q) be the third derivative of h(q). Calculate n(-2).
3
Let d(h) = 6*h + 2 + 4*h**2 - 6*h**2 + 6 - 7. What is d(5)?
-19
Suppose 0 = -2*v + 232 - 262. Let y(p) = -p**2 - 16*p - 15. Give y(v).
0
Let d = -14 + 10. Let p(n) = -n**3 - n**2 + 5*n - 1. Let b(j) = j**3 + 2*j**2 - 6*j + 1. Let f(w) = d*p(w) - 3*b(w). Give f(2).
-3
Let i(b) be the first derivative of -b**2/2 + 10*b + 41. Calculate i(10).
0
Suppose -5*l = -c - 19 - 2, 5*l = -2*c + 33. Let m be (-6)/c*(-80)/(-30). Let w(q) = -q + 3. Determine w(m).
7
Suppose -5*m + 8 = -2. Let a = m + 3. Let l(d) = -d**2 - 1. Let k(u) = -3*u - 4. Let f(i) = k(i) - l(i). What is f(a)?
7
Suppose -3*x = -8*x + 15. Let p(o) = -4 - 2 + 5*o**2 - o**x + 2 + 6*o. Determine p(6).
-4
Let d(w) = -2*w - 6. Suppose 3*g + 35 = 4*k, 5*g = 3*k - 8 - 21. What is d(k)?
-22
Let w(s) = -767*s + 380*s + 391*s + 3. Determine w(-9).
-33
Let u(h) = h. Let g(c) = 5*c - 2. Let z(w) = -g(w) + 6*u(w). Let r(d) = -2. Let o(v) = 6*r(v) + 5*z(v). Suppose 0*k - 4*k + 12 = 0. What is o(k)?
13
Let b(w) = 7*w**3 + w**2 - w - 1. Let y be b(1). Let x(v) = -v**2 + 7*v - 4. Let p be x(y). Let t(d) = 9 - 5 - d**p + 1. Calculate t(0).
5
Let v be (-3 - -48 - 0)*(2 - 3). Let g = v + 49. Let m(k) = -2*k + 5. Calculate m(g).
-3
Let g(v) be the third derivative of -v**4/12 + 3*v**3 + 2*v**2 - 43. Give g(8).
2
Let b(s) be the third derivative of -s**6/120 - s**5/15 + 11*s**4/24 + 7*s**3/2 - 348*s**2. Calculate b(-5).
-9
Suppose 0 = -j - 3*j - 4*w - 32, -j - 5*w = -4. Let y = j + 13. Let t(r) = r + r**2 + 0*r**2 - y*r - 3*r. What is t(2)?
-4
Let f = 44 + -33. Let o be ((-8)/10)/(f/55). Let q(t) = 5*t**3 + 2*t + 2. Let a(g) = -6*g**3 + g**2 - 2*g - 1. Let p(h) = 4*a(h) + 5*q(h). Determine p(o).
-2
Suppose -3*q - 5*p + 69 = 0, 8*q - 106 = 4*q - 2*p. Suppose 0 = -r - q + 26. Let d(l) = 2*l**2 - 3 - 1 + 1 - 4*l. Give d(r).
13
Let a(h) = -3*h - 5. Let r be a(-2). Let z(q) = q + r - 7*q**3 + 2*q**3 + 2*q**3 + q**2 + 5*q**3. What is z(-1)?
-1
Let d(m) = m - 10. Let x be d(14). Let b(a) = a - 6. Let v be b(x). Let u be (-2)/4 - 7/v. Let w(n) = n**2 - 3*n. What is w(u)?
0
Let c(i) = -6963 + 6958 - 5*i + 4*i. Let u = -6 - -11. Determine c(u).
-10
Let w(m) = 7*m + 4. Let z(q) = -1. Let x(p) = -w(p) - 5*z(p). Suppose 2*j + 1 = -2*a + 3, 2*j - 2*a = 10. Determine x(j).
-20
Suppose -266*v + 243*v + 46 = 0. Let o(q) be the third derivative of -q**5/20 + q**3/6 - q**2. Calculate o(v).
-11
Let i = -32 + 34. Let h(c) = -37*c**i - 5 - 30*c**2 + 62*c**2 - c**3 - 3*c. Determine h(-5).
10
Let d(t) be the second derivative of -7*t**6/180 - t**5/60 - t**4/24 + 4*t**3/3 - 11*t. Let o(m) be the second derivative of d(m). Determine o(-1).
-13
Let z(g) = g**2 + g + 1. Let c(u) = 2*u**3 - 7*u**2 + 3*u - 5. Let w(k) = -c(k) - 3*z(k). Calculate w(2).
-10
Let x = 16 - 15. Let v = 23 + x. Let q be 2/(3/v*4). Let z(y) = -y**2 + 5*y - 6. Give z(q).
-2
Let r = 85 + -79. Let y(l) = 2*l**2 - 9*l + 3. Give y(r).
21
Suppose 4*m = r + 10, -2*m - m - 6 = -3*r. Let u(f) = -15*f + 24*f + 8 + 0*f**2 - f**2 - 5*f. What is u(r)?
-4
Let c(a) be the second derivative of a**4/12 + 5*a**3/3 + 9*a**2/2 - a - 176. Determine c(-6).
-15
Let u = 32 - 29. Suppose -83 = u*h - 59. Let v(w) = -w**2 - 8*w - 8. What is v(h)?
-8
Suppose 2*s - 1 - 16 = -5*m, -4*s - 41 = -5*m. Let r(n) = -n**3 + 5*n**2 + 3. Give r(m).
3
Let w(v) = 3*v - 1. Let p = 286 - 289. Give w(p).
-10
Let b(p) = -13*p**2 - 3*p + 10. Let o(m) = 2*m**2 - 2. Let j(z) = b(z) + 6*o(z). Calculate j(-6).
-20
Let a(s) = s**2 - 7*s. Suppose -j + 4*j + 88 = 5*l, -24 = j - 3*l. Let p be 9*((-4)/j)/((-3)/(-18)). What is a(p)?
-6
Let m be (-2)/((-1 + 8 + -5)/(-2)). Let c(r) = -5*r**2 + 3*r - 3. What is c(m)?
-17
Let x(g) = g. Let o(l) = 48. Let n(t) = -7. Let z(m) = -27*n(m) - 4*o(m). Let h(q) = x(q) - z(q). Let a be -16 + 19 + (-2)/(4/(-6)). Give h(a).
9
Let z(b) = 16*b**3 + b**2 - 2*b + 2. Let k be z(1). Let a(g) = 2*g**2 + 3*g**3 - k*g**3 - 8*g**3 - 1 - 5*g**3. Give a(1).
-26
Let i(n) = 41*n - 213. Let c be i(5). Let j(o) be the second derivative of o**4/12 + 7*o**3/6 - 2*o**2 + o. What is j(c)?
4
Let r be -3 - (9/3)/(-3). Let v(y) = 0*y**3 - 2*y**2 - 2*y - 1 + 3 - 1 - y**3. Determine v(r).
5
Let y(o) = -14 + o - 16 + 19 + 11. Determine y(-11).
-11
Let f(i) = 4*i + 17 + 4*i - 14 + 5*i - 14*i. Give f(-3).
6
Let w(j) = 26*j**3 - j - 14*j**3 + 6*j**2 - 11*j**3 - 8*j**2 + 2. Let y = 6 + -4. Determine w(y).
0
Let b be (80/15 - 5)/(2/(-6)). Let o(c) = 10*c**2 - 2*c - 1. Give o(b).
11
Let y(s) be the first derivative of 5*s**2/2 + 16*s - 286. Determine y(-3).
1
Let c(t) = 14*t**3 + t**2 + t + 1. Let z = -285 - -284. Give c(z).
-13
Suppose -5*s + 1 = -2*r, 3 - 8 = -5*r + 5*s. Let w(l) be the first derivative of l - 5 - 2/3*l**3 - l**r. What is w(1)?
-3
Let s(o) = -3 - 5 - 16*o + 12 + 11*o**2 - 8*o**2. Let k(m) = m**2 - 5*m + 1. Let u(f) = 17*k(f) - 6*s(f). Calculate u(7).
21
Let w(v) = -7*v - 19. Let b(l) = 11*l + 29. Let y(u) = -5*b(u) - 8*w(u). Suppose -p = 4*p + 2*f - 5, -4*p = 4*f + 8. Suppose -j - p - 3 = 0. Determine y(j).
1
Let j(o) = o + 3. Let z = 123 - 220. Let l = z - -100. What is j(l)?
6
Let l(a) be the third derivative of 1/20*a**5 + 0 + 0*a + 5/24*a**4 + 1/120*a**6 + 15*a**2 + 1/3*a**3. Calculate l(-3).
-13
Let u(j) = j**3 - 6*j**2 + j - 1. Let g = -100 - -54. Let d = g - -52. Calculate u(d).
5
Let m(i) = i**3 - 10*i**2 + 7. Let f be m(10). Suppose 0 = 8*d - f*d - 3. Let r(q) = q**3 - 2*q**2 + q - 4. Determine r(d).
8
Let l(h) = -12*h**2 - 2*h - 1. Suppose -p - 3*n - n = -95, -p = 2*n - 89. Let y = p + -84. Give l(y).
-11
Let o(t) = 2*t**2 + 19*t + 6. Let r be o(-9). Let u be (-8)/(-10)*(0 + r - 2). Let v(f) = -f**3 - 4*f**2 - 1. Calculate v(u).
-1
Let x(o) = o - 11. Let u = 367 + -355. Give x(u).
1
Let f = -1 - -2. Suppose 2*v - 16 = 3*o - 7*o, o - v = f. Let s(l) = -l**3 + 2*l**2 + l + 2. Give s(o).
-4
Let x(n) = -n**2 + 7*n - 1. Let i = -19 - -24. Suppose 12 = w + w + 2*t, -4*w = i*t - 23. Determine x(w).
-1
Let q be 2 - 1/(3/6). Suppose q = -0*s - s - 4. Let m(o) = 7*o + 5*o**2 + 3 + 1 - 3*o**2. Calculate m(s).
8
Let c(t) = 8 + 2*t - 15 + 6*t + 6. Determine c(-2).
-17
Suppose 67*b - 13 = 2*f + 64*b, 0 = 3*f - b + 9. Let h(r) = 2*r**3 + 2*r**2 - 2*r - 3. Give h(f).
-7
Suppose -3*c = -2*x + 4, c + 2*x = 2*c + 4. Let q(k) = -2*k - 4 + 3 + 4*k + c*k**3 + 2*k**2 + k**3. Calculate q(-3).
-16
Let p(k) = -10*k**2 + 15*k + 5*k**2 + 4*k**2 - 7*k - 1. Determine p(6).
11
Suppose -32 = -5*g - 2. Let j(r) = -8 + r**2 + 2 - g + r + 14. Calculate j(0).
2
Let q(i) = -i**2 - i. Suppose -2*b = 2*b + 3*o - 22, -2*o = 4*b - 24. Let j(t) = -t**3 + 11 + 2*t + b*t - 12*t**2 + 5*t. Let k be j(-13). Determine q(k).
-2
Suppose -5*m + 20 = -0*m. Let a(x) = -1330*x + 1 + 1328*x + 1. Calculate a(m).
-6
Let y(u) be the first derivative of -u**2 - u - 1. Suppose 6*w + 5855 - 5867 = 0. Give y(w).
-5
Let o(q) = 7*q - 3. Let b(a) = -a + 1. Let l(d) = -17*d + 10. Let v(y) = -6*b(y) + l(y). Let z be 4/18 - 65/9. Let x(n) = z*o(n) - 5*v(n). What is x(1)?
7
Let t(m) = 5*m + 1 + 3 - 2*m + 2*m. Let d = -140 + 137. What is t(d)?
-11
Let c(i) = -i**2 + 3*i + 1. Let z(q) = 4*q + 14. Let v be z(-19). Let g = -64 - v. Calculate c(g).
-9
Let q(y) be the first derivative of -y**3/2 - 3*y**2/2 + 22*y - 34. Let c(b) be the first derivative of q(b). What is c(-7)?
18
Let l(z) = 2*z**3 + 5*z**2 - 5. Let h(m) = -8*